{"id":1118,"date":"2024-09-12T17:26:10","date_gmt":"2024-09-12T16:26:10","guid":{"rendered":"https:\/\/osera.deebro.es\/?page_id=1118"},"modified":"2024-09-12T18:45:09","modified_gmt":"2024-09-12T17:45:09","slug":"servicios-sociales","status":"publish","type":"page","link":"https:\/\/osera.deebro.es\/?page_id=1118","title":{"rendered":"Servicios Sociales"},"content":{"rendered":"\n<p><strong>\u00bfQue son los servicios sociales generales?<\/strong><\/p>\n\n\n\n<p>Son servicios y recursos orientados a mejorar y promover tu calidad de vida, el bienestar social y la convivencia<\/p>\n\n\n\n<p><strong>\u00bfQuienes somos?<\/strong><\/p>\n\n\n\n<p>El equipos de Servicios Sociales lo componen profesionales del Trabajo Social, Educaci\u00f3n Social y Psicolog\u00eda, que valoran, asesoran y acompa\u00f1an en funci\u00f3n de las necesidades personales, familiares y sociales.<\/p>\n\n\n\n<p><strong>\u00bfA quien van dirigidos?<\/strong><\/p>\n\n\n\n<p>Prestan apoyo a toda la ciudadan\u00eda, bien a nivel individual, familiar, grupal y comunitario en todos los municipios.<\/p>\n\n\n\n<p><strong>\u00bfComo lo hacen? A trav\u00e9s de:<\/strong><\/p>\n\n\n\n<ul class=\"wp-block-list\">\n<li>Servicio de Informaci\u00f3n, Valoraci\u00f3n Social y Orientaci\u00f3n. SIVO<\/li>\n\n\n\n<li>Ayudas econ\u00f3micas<\/li>\n\n\n\n<li>Promoci\u00f3n de la participaci\u00f3n y animaci\u00f3n comunitaria<\/li>\n\n\n\n<li>Servicio de prevenci\u00f3n e inclusi\u00f3n social<\/li>\n\n\n\n<li>Servicio de ayuda a domicilio<\/li>\n\n\n\n<li>Transporte social adaptado<\/li>\n\n\n\n<li>Programa de Intervenci\u00f3n Familiar<\/li>\n<\/ul>\n\n\n\n<p><strong>Tambi\u00e9n ofrecen:<\/strong><\/p>\n\n\n\n<ul class=\"wp-block-list\">\n<li>Servicio de atenci\u00f3n a v\u00edcitmas de malos tratos, prevenci\u00f3n de violencia de genero y promoci\u00f3n de igualdad<\/li>\n\n\n\n<li>Gesti\u00f3n de los servicios y prestaciones del _Servicio de promoci\u00f3n de la Autonom\u00eda personal y de Atenci\u00f3n de las personas en situaci\u00f3n de dependencia<\/li>\n\n\n\n<li>Gesti\u00f3n de la Teleasistencia y de las Ayudas T\u00e9cnicas<\/li>\n<\/ul>\n\n\n\n<p><strong>\u00bfComo pedir cita?<\/strong><\/p>\n\n\n\n<p>Llamando al Centro de Servicios Sociales (Osera de Ebro pertenece al EJE 2)<\/p>\n\n\n\n<p>Plaza de Espa\u00f1a, 16 &#8211; 50172 Alfajar\u00edn<\/p>\n\n\n\n<p>Tel\u00e9fono: 976 79 06 31<\/p>\n\n\n\n<p>Email: <a href=\"mailto:socialeje2@comarcacentral.es\">socialeje2@comarcacentral.es<\/a><\/p>\n","protected":false},"excerpt":{"rendered":"<p>\u00bfQue son los servicios sociales generales? Son servicios y recursos orientados a mejorar y promover tu calidad de vida, el bienestar social y la convivencia \u00bfQuienes somos? El equipos de Servicios Sociales lo componen profesionales del Trabajo Social, Educaci\u00f3n Social y Psicolog\u00eda, que valoran, asesoran y acompa\u00f1an en funci\u00f3n de las necesidades personales, familiares y &hellip; <a href=\"https:\/\/osera.deebro.es\/?page_id=1118\" class=\"more-link\">Seguir leyendo <span class=\"screen-reader-text\">Servicios Sociales<\/span> <span class=\"meta-nav\">&rarr;<\/span><\/a><\/p>\n","protected":false},"author":3,"featured_media":0,"parent":0,"menu_order":0,"comment_status":"closed","ping_status":"closed","template":"","meta":{"footnotes":""},"class_list":["post-1118","page","type-page","status-publish","hentry"],"_links":{"self":[{"href":"https:\/\/osera.deebro.es\/index.php?rest_route=\/wp\/v2\/pages\/1118","targetHints":{"allow":["GET"]}}],"collection":[{"href":"https:\/\/osera.deebro.es\/index.php?rest_route=\/wp\/v2\/pages"}],"about":[{"href":"https:\/\/osera.deebro.es\/index.php?rest_route=\/wp\/v2\/types\/page"}],"author":[{"embeddable":true,"href":"https:\/\/osera.deebro.es\/index.php?rest_route=\/wp\/v2\/users\/3"}],"replies":[{"embeddable":true,"href":"https:\/\/osera.deebro.es\/index.php?rest_route=%2Fwp%2Fv2%2Fcomments&post=1118"}],"version-history":[{"count":4,"href":"https:\/\/osera.deebro.es\/index.php?rest_route=\/wp\/v2\/pages\/1118\/revisions"}],"predecessor-version":[{"id":1124,"href":"https:\/\/osera.deebro.es\/index.php?rest_route=\/wp\/v2\/pages\/1118\/revisions\/1124"}],"wp:attachment":[{"href":"https:\/\/osera.deebro.es\/index.php?rest_route=%2Fwp%2Fv2%2Fmedia&parent=1118"}],"curies":[{"name":"wp","href":"https:\/\/api.w.org\/{rel}","templated":true}]}}

<p><strong>¿Que son los servicios sociales generales?</strong></p>



<p>Son servicios y recursos orientados a mejorar y promover tu calidad de vida, el bienestar social y la convivencia</p>



<p><strong>¿Quienes somos?</strong></p>



<p>El equipos de Servicios Sociales lo componen profesionales del Trabajo Social, Educación Social y Psicología, que valoran, asesoran y acompañan en función de las necesidades personales, familiares y sociales.</p>



<p><strong>¿A quien van dirigidos?</strong></p>



<p>Prestan apoyo a toda la ciudadanía, bien a nivel individual, familiar, grupal y comunitario en todos los municipios.</p>



<p><strong>¿Como lo hacen? A través de:</strong></p>



<ul class="wp-block-list">
<li>Servicio de Información, Valoración Social y Orientación. SIVO</li>



<li>Ayudas económicas</li>



<li>Promoción de la participación y animación comunitaria</li>



<li>Servicio de prevención e inclusión social</li>



<li>Servicio de ayuda a domicilio</li>



<li>Transporte social adaptado</li>



<li>Programa de Intervención Familiar</li>
</ul>



<p><strong>También ofrecen:</strong></p>



<ul class="wp-block-list">
<li>Servicio de atención a vícitmas de malos tratos, prevención de violencia de genero y promoción de igualdad</li>



<li>Gestión de los servicios y prestaciones del _Servicio de promoción de la Autonomía personal y de Atención de las personas en situación de dependencia</li>



<li>Gestión de la Teleasistencia y de las Ayudas Técnicas</li>
</ul>



<p><strong>¿Como pedir cita?</strong></p>



<p>Llamando al Centro de Servicios Sociales (Osera de Ebro pertenece al EJE 2)</p>



<p>Plaza de España, 16 &#8211; 50172 Alfajarín</p>



<p>Teléfono: 976 79 06 31</p>



<p>Email: <a href="mailto:socialeje2@comarcacentral.es">socialeje2@comarcacentral.es</a></p>

<p>¿Que son los servicios sociales generales? Son servicios y recursos orientados a mejorar y promover tu calidad de vida, el bienestar social y la convivencia ¿Quienes somos? El equipos de Servicios Sociales lo componen profesionales del Trabajo Social, Educación Social y Psicología, que valoran, asesoran y acompañan en función de las necesidades personales, familiares y &hellip; <a href="https://osera.deebro.es/?page_id=1118" class="more-link">Seguir leyendo <span class="screen-reader-text">Servicios Sociales</span> <span class="meta-nav">&rarr;</span></a></p>
