{"id":1395,"date":"2024-11-11T17:04:04","date_gmt":"2024-11-11T16:04:04","guid":{"rendered":"https:\/\/osera.deebro.es\/?page_id=1395"},"modified":"2024-11-18T10:50:03","modified_gmt":"2024-11-18T09:50:03","slug":"solicitud-de-permiso-de-quemas-aragon","status":"publish","type":"page","link":"https:\/\/osera.deebro.es\/?page_id=1395","title":{"rendered":"Solicitud de permiso de quemas (Arag\u00f3n)"},"content":{"rendered":"\n<p>En primer lugar accedemos a la web del Gobierno de Arag\u00f3n<strong>: <a href=\"https:\/\/aplicaciones.aragon.es\/siquw\/\" target=\"_blank\" rel=\"noreferrer noopener\">Solicitud <\/a><a href=\"https:\/\/aplicaciones.aragon.es\/siquw\/\">de Quemas<\/a><\/strong> y accedemos a trav\u00e9s de cualquiera de las dos opciones que nos ofrece, bien mediante un <em>Acceso NO electr\u00f3nico<\/em> (debemos registrarnos) o bien mediante el <em>Acceso electr\u00f3nico<\/em> (Cl@ve, etc&#8230;)<\/p>\n\n\n\n<figure class=\"wp-block-gallery has-nested-images columns-default is-cropped wp-block-gallery-1 is-layout-flex wp-block-gallery-is-layout-flex\">\n<figure class=\"wp-block-image size-large\"><a href=\"https:\/\/osera.deebro.es\/wp-content\/uploads\/2024\/11\/Quema1.jpg\"><img loading=\"lazy\" decoding=\"async\" width=\"1024\" height=\"517\" data-id=\"1396\" src=\"https:\/\/osera.deebro.es\/wp-content\/uploads\/2024\/11\/Quema1-1024x517.jpg\" alt=\"\" class=\"wp-image-1396\" srcset=\"https:\/\/osera.deebro.es\/wp-content\/uploads\/2024\/11\/Quema1-1024x517.jpg 1024w, https:\/\/osera.deebro.es\/wp-content\/uploads\/2024\/11\/Quema1-300x151.jpg 300w, https:\/\/osera.deebro.es\/wp-content\/uploads\/2024\/11\/Quema1-768x388.jpg 768w, https:\/\/osera.deebro.es\/wp-content\/uploads\/2024\/11\/Quema1-1536x775.jpg 1536w, https:\/\/osera.deebro.es\/wp-content\/uploads\/2024\/11\/Quema1.jpg 1920w\" sizes=\"auto, (max-width: 1024px) 100vw, 1024px\" \/><\/a><\/figure>\n<\/figure>\n\n\n\n<p>Una vez accedemos, le damos a <em>\u00abcrear solicitud\u00bb<\/em><\/p>\n\n\n\n<figure class=\"wp-block-gallery has-nested-images columns-default is-cropped wp-block-gallery-2 is-layout-flex wp-block-gallery-is-layout-flex\">\n<figure class=\"wp-block-image size-large\"><a href=\"https:\/\/osera.deebro.es\/wp-content\/uploads\/2024\/11\/Quema2.jpg\"><img loading=\"lazy\" decoding=\"async\" width=\"1024\" height=\"490\" data-id=\"1397\" src=\"https:\/\/osera.deebro.es\/wp-content\/uploads\/2024\/11\/Quema2-1024x490.jpg\" alt=\"\" class=\"wp-image-1397\" srcset=\"https:\/\/osera.deebro.es\/wp-content\/uploads\/2024\/11\/Quema2-1024x490.jpg 1024w, https:\/\/osera.deebro.es\/wp-content\/uploads\/2024\/11\/Quema2-300x144.jpg 300w, https:\/\/osera.deebro.es\/wp-content\/uploads\/2024\/11\/Quema2-768x368.jpg 768w, https:\/\/osera.deebro.es\/wp-content\/uploads\/2024\/11\/Quema2-1536x735.jpg 1536w, https:\/\/osera.deebro.es\/wp-content\/uploads\/2024\/11\/Quema2.jpg 1920w\" sizes=\"auto, (max-width: 1024px) 100vw, 1024px\" \/><\/a><\/figure>\n<\/figure>\n\n\n\n<p>Seleccionamos en <em>Tipo de Solicitud<\/em> la opci\u00f3n en la que estemos interesados (si solo queremos quemar puntualmente alg\u00fan resto de poda, seleccionamos <em>ANEXO I &#8211; Notificaci\u00f3n de quema de residuos sin continuidad fuera de \u00e9poca de peligro (MONTONES)<\/em><\/p>\n\n\n\n<figure class=\"wp-block-gallery has-nested-images columns-default is-cropped wp-block-gallery-3 is-layout-flex wp-block-gallery-is-layout-flex\">\n<figure class=\"wp-block-image size-large\"><a href=\"https:\/\/osera.deebro.es\/wp-content\/uploads\/2024\/11\/Quema3.jpg\"><img loading=\"lazy\" decoding=\"async\" width=\"931\" height=\"283\" data-id=\"1398\" src=\"https:\/\/osera.deebro.es\/wp-content\/uploads\/2024\/11\/Quema3.jpg\" alt=\"\" class=\"wp-image-1398\" srcset=\"https:\/\/osera.deebro.es\/wp-content\/uploads\/2024\/11\/Quema3.jpg 931w, https:\/\/osera.deebro.es\/wp-content\/uploads\/2024\/11\/Quema3-300x91.jpg 300w, https:\/\/osera.deebro.es\/wp-content\/uploads\/2024\/11\/Quema3-768x233.jpg 768w\" sizes=\"auto, (max-width: 931px) 100vw, 931px\" \/><\/a><\/figure>\n<\/figure>\n\n\n\n<p>Una vez seleccionado, se ampliar\u00e1 el contenido que debemos de rellenar con nuestros datos personales y le damos a \u00abSiguiente\u00bb<\/p>\n\n\n\n<p>Ahora deberemos indicar el lugar donde queremos realizar la quema.<\/p>\n\n\n\n<p>Si tenemos realizado una solicitud en la web de a\u00f1os anteriores, le daremos a \u00abImportar Parcelas Solicitud Anterior\u00bb.<\/p>\n\n\n\n<p>Tambi\u00e9n podemos encontrar los datos en la solicitud de papel anteriores si lo hemos realizado en el Ayuntamiento<\/p>\n\n\n\n<p>O podemos buscar los datos de nuestra parcela, bien mediante el <a href=\"http:\/\/sigpac.aragon.es\/visor\/\">SIGPAC<\/a><\/p>\n\n\n\n<figure class=\"wp-block-gallery has-nested-images columns-default is-cropped wp-block-gallery-4 is-layout-flex wp-block-gallery-is-layout-flex\">\n<figure class=\"wp-block-image size-large\"><a href=\"https:\/\/osera.deebro.es\/wp-content\/uploads\/2024\/11\/Quema4.jpg\"><img loading=\"lazy\" decoding=\"async\" width=\"1024\" height=\"493\" data-id=\"1399\" src=\"https:\/\/osera.deebro.es\/wp-content\/uploads\/2024\/11\/Quema4-1024x493.jpg\" alt=\"\" class=\"wp-image-1399\" srcset=\"https:\/\/osera.deebro.es\/wp-content\/uploads\/2024\/11\/Quema4-1024x493.jpg 1024w, https:\/\/osera.deebro.es\/wp-content\/uploads\/2024\/11\/Quema4-300x144.jpg 300w, https:\/\/osera.deebro.es\/wp-content\/uploads\/2024\/11\/Quema4-768x370.jpg 768w, https:\/\/osera.deebro.es\/wp-content\/uploads\/2024\/11\/Quema4-1536x739.jpg 1536w, https:\/\/osera.deebro.es\/wp-content\/uploads\/2024\/11\/Quema4.jpg 1920w\" sizes=\"auto, (max-width: 1024px) 100vw, 1024px\" \/><\/a><\/figure>\n<\/figure>\n\n\n\n<p>Una vez rellenado todos los datos, deberemos de seleccionar la opci\u00f3n \u00abTramitar\u00bb<\/p>\n\n\n\n<p>Si el acceso ha sido electr\u00f3nico, una vez cumplimentado la correspondiente notificaci\u00f3n\/solicitud, podr\u00e1 firmarla electr\u00f3nicamente y proceder a continuaci\u00f3n a su registro electr\u00f3nico.<br><strong>IMPORTANTE: <\/strong>En el caso de optar por realizar un acceso no electr\u00f3nico, una vez impresa la correspondiente notificaci\u00f3n o solicitud de autorizaci\u00f3n deber\u00e1 ir a un registro administrativo para registrarlo y as\u00ed iniciar el correspondiente tr\u00e1mite<\/p>\n\n\n\n<p>Recuerda que una vez solicitado deber\u00e1s de esperar 7 d\u00edas desde su notificaci\u00f3n y el calendario y horario para la quema es:<\/p>\n\n\n\n<ul class=\"wp-block-list\">\n<li>Del 16 de octubre al 31 de octubre de 8:00 horas a 16:00 horas<\/li>\n\n\n\n<li>Del 1 de noviembre al 15 de enero de 8:00 horas a 15:00 horas<\/li>\n\n\n\n<li>Del 16 de enero al 28 de febrero de 7:00 horas a 16:00 horas<\/li>\n\n\n\n<li>Del 1 de marzo al 31 de marzo de 7:00 horas a 17:00 horas<\/li>\n<\/ul>\n\n\n\n<p>ANTES DE EJECUTAR LA QUEMA, DEBES DE CONSULTAR:<\/p>\n\n\n\n<ul class=\"wp-block-list\">\n<li><a href=\"https:\/\/infoar.aragon.es\/flamabk\/meteo\/iruf-pdf\/download\" target=\"_blank\" rel=\"noreferrer noopener\">El \u00cdndice de riesgo por uso del fuego permite el uso del fuego (verde).<\/a><\/li>\n\n\n\n<li><a href=\"http:\/\/aplicaciones.aragon.es\/sipww\/publicacionesAction.do?opcion=mostrarDocumento&amp;tdoc=1\">El Nivel de alerta por incendio forestal es bajo (verde) o medio (amarillo).<\/a><\/li>\n<\/ul>\n\n\n\n<p class=\"has-text-align-center has-black-color has-text-color has-small-font-size\"><a href=\"https:\/\/www.aragon.es\/-\/preguntas-frecuentes-sobre-permisos-de-quemas\">Preguntas frecuentes sobre permisos de quemas. Gobierno de Arag\u00f3n<\/a><\/p>\n","protected":false},"excerpt":{"rendered":"<p>En primer lugar accedemos a la web del Gobierno de Arag\u00f3n: Solicitud de Quemas y accedemos a trav\u00e9s de cualquiera de las dos opciones que nos ofrece, bien mediante un Acceso NO electr\u00f3nico (debemos registrarnos) o bien mediante el Acceso electr\u00f3nico (Cl@ve, etc&#8230;) Una vez accedemos, le damos a \u00abcrear solicitud\u00bb Seleccionamos en Tipo de &hellip; <a href=\"https:\/\/osera.deebro.es\/?page_id=1395\" class=\"more-link\">Seguir leyendo <span class=\"screen-reader-text\">Solicitud de permiso de quemas (Arag\u00f3n)<\/span> <span class=\"meta-nav\">&rarr;<\/span><\/a><\/p>\n","protected":false},"author":3,"featured_media":0,"parent":0,"menu_order":0,"comment_status":"closed","ping_status":"closed","template":"","meta":{"footnotes":""},"class_list":["post-1395","page","type-page","status-publish","hentry"],"_links":{"self":[{"href":"https:\/\/osera.deebro.es\/index.php?rest_route=\/wp\/v2\/pages\/1395","targetHints":{"allow":["GET"]}}],"collection":[{"href":"https:\/\/osera.deebro.es\/index.php?rest_route=\/wp\/v2\/pages"}],"about":[{"href":"https:\/\/osera.deebro.es\/index.php?rest_route=\/wp\/v2\/types\/page"}],"author":[{"embeddable":true,"href":"https:\/\/osera.deebro.es\/index.php?rest_route=\/wp\/v2\/users\/3"}],"replies":[{"embeddable":true,"href":"https:\/\/osera.deebro.es\/index.php?rest_route=%2Fwp%2Fv2%2Fcomments&post=1395"}],"version-history":[{"count":4,"href":"https:\/\/osera.deebro.es\/index.php?rest_route=\/wp\/v2\/pages\/1395\/revisions"}],"predecessor-version":[{"id":1427,"href":"https:\/\/osera.deebro.es\/index.php?rest_route=\/wp\/v2\/pages\/1395\/revisions\/1427"}],"wp:attachment":[{"href":"https:\/\/osera.deebro.es\/index.php?rest_route=%2Fwp%2Fv2%2Fmedia&parent=1395"}],"curies":[{"name":"wp","href":"https:\/\/api.w.org\/{rel}","templated":true}]}}