{"id":156,"date":"2014-11-27T12:43:19","date_gmt":"2014-11-27T11:43:19","guid":{"rendered":"http:\/\/osera.deebro.es\/?page_id=156"},"modified":"2026-04-02T15:34:22","modified_gmt":"2026-04-02T14:34:22","slug":"asociacion-de-mujeres-santa-engracia","status":"publish","type":"page","link":"https:\/\/osera.deebro.es\/?page_id=156","title":{"rendered":"Fiestas Patronales"},"content":{"rendered":"\n<p>Osera de Ebro celebra sus fiestas en Abril, en honor a Santa Engracia, y en Noviembre, en honor a San Mart\u00edn.<\/p>\n\n\n<div class=\"wp-block-image\">\n<figure class=\"aligncenter size-large is-resized\"><a href=\"https:\/\/osera.deebro.es\/wp-content\/uploads\/2024\/09\/Fiestas.jpg\"><img loading=\"lazy\" decoding=\"async\" width=\"1024\" height=\"750\" src=\"https:\/\/osera.deebro.es\/wp-content\/uploads\/2024\/09\/Fiestas-1024x750.jpg\" alt=\"\" class=\"wp-image-1060\" style=\"width:363px;height:265px\" srcset=\"https:\/\/osera.deebro.es\/wp-content\/uploads\/2024\/09\/Fiestas-1024x750.jpg 1024w, https:\/\/osera.deebro.es\/wp-content\/uploads\/2024\/09\/Fiestas-300x220.jpg 300w, https:\/\/osera.deebro.es\/wp-content\/uploads\/2024\/09\/Fiestas-768x562.jpg 768w, https:\/\/osera.deebro.es\/wp-content\/uploads\/2024\/09\/Fiestas.jpg 1080w\" sizes=\"auto, (max-width: 1024px) 100vw, 1024px\" \/><\/a><\/figure>\n<\/div>\n\n\n<p class=\"has-text-align-center\"><\/p>\n\n\n\n<p><em><strong>SANTA ENGRACIA 2026<\/strong><\/em><\/p>\n\n\n\n<p>Abril 2026<\/p>\n\n\n\n<p>Del 11 al 23 de Abril, se celebrar\u00e1n las fiestas en honor a Santa Engracia, con prefiestas, fiestas y como colof\u00f3n actividades para San Jorge<\/p>\n\n\n\n<figure class=\"wp-block-gallery has-nested-images columns-default is-cropped wp-block-gallery-1 is-layout-flex wp-block-gallery-is-layout-flex\">\n<figure class=\"wp-block-image size-large\"><a href=\"https:\/\/osera.deebro.es\/wp-content\/uploads\/2026\/04\/IMG-20260331-WA0012.jpg\"><img loading=\"lazy\" decoding=\"async\" width=\"724\" height=\"1024\" data-id=\"1936\" src=\"https:\/\/osera.deebro.es\/wp-content\/uploads\/2026\/04\/IMG-20260331-WA0012-724x1024.jpg\" alt=\"\" class=\"wp-image-1936\" srcset=\"https:\/\/osera.deebro.es\/wp-content\/uploads\/2026\/04\/IMG-20260331-WA0012-724x1024.jpg 724w, https:\/\/osera.deebro.es\/wp-content\/uploads\/2026\/04\/IMG-20260331-WA0012-212x300.jpg 212w, https:\/\/osera.deebro.es\/wp-content\/uploads\/2026\/04\/IMG-20260331-WA0012-768x1086.jpg 768w, https:\/\/osera.deebro.es\/wp-content\/uploads\/2026\/04\/IMG-20260331-WA0012-1086x1536.jpg 1086w, https:\/\/osera.deebro.es\/wp-content\/uploads\/2026\/04\/IMG-20260331-WA0012.jpg 1131w\" sizes=\"auto, (max-width: 724px) 100vw, 724px\" \/><\/a><\/figure>\n\n\n\n<figure class=\"wp-block-image size-large\"><a href=\"https:\/\/osera.deebro.es\/wp-content\/uploads\/2026\/04\/IMG-20260331-WA0030.jpg\"><img loading=\"lazy\" decoding=\"async\" width=\"768\" height=\"1024\" data-id=\"1939\" src=\"https:\/\/osera.deebro.es\/wp-content\/uploads\/2026\/04\/IMG-20260331-WA0030-768x1024.jpg\" alt=\"\" class=\"wp-image-1939\" srcset=\"https:\/\/osera.deebro.es\/wp-content\/uploads\/2026\/04\/IMG-20260331-WA0030-768x1024.jpg 768w, https:\/\/osera.deebro.es\/wp-content\/uploads\/2026\/04\/IMG-20260331-WA0030-225x300.jpg 225w, https:\/\/osera.deebro.es\/wp-content\/uploads\/2026\/04\/IMG-20260331-WA0030.jpg 1080w\" sizes=\"auto, (max-width: 768px) 100vw, 768px\" \/><\/a><\/figure>\n<\/figure>\n\n\n\n<figure class=\"wp-block-gallery has-nested-images columns-default is-cropped wp-block-gallery-2 is-layout-flex wp-block-gallery-is-layout-flex\">\n<figure class=\"wp-block-image size-large\"><a href=\"https:\/\/osera.deebro.es\/wp-content\/uploads\/2026\/04\/IMG-20260402-WA0006.jpg\"><img loading=\"lazy\" decoding=\"async\" width=\"724\" height=\"1024\" data-id=\"1937\" src=\"https:\/\/osera.deebro.es\/wp-content\/uploads\/2026\/04\/IMG-20260402-WA0006-724x1024.jpg\" alt=\"\" class=\"wp-image-1937\" srcset=\"https:\/\/osera.deebro.es\/wp-content\/uploads\/2026\/04\/IMG-20260402-WA0006-724x1024.jpg 724w, https:\/\/osera.deebro.es\/wp-content\/uploads\/2026\/04\/IMG-20260402-WA0006-212x300.jpg 212w, https:\/\/osera.deebro.es\/wp-content\/uploads\/2026\/04\/IMG-20260402-WA0006-768x1086.jpg 768w, https:\/\/osera.deebro.es\/wp-content\/uploads\/2026\/04\/IMG-20260402-WA0006-1086x1536.jpg 1086w, https:\/\/osera.deebro.es\/wp-content\/uploads\/2026\/04\/IMG-20260402-WA0006.jpg 1414w\" sizes=\"auto, (max-width: 724px) 100vw, 724px\" \/><\/a><\/figure>\n\n\n\n<figure class=\"wp-block-image size-large\"><a href=\"https:\/\/osera.deebro.es\/wp-content\/uploads\/2026\/04\/IMG-20260331-WA0011.jpg\"><img loading=\"lazy\" decoding=\"async\" width=\"683\" height=\"1024\" data-id=\"1941\" src=\"https:\/\/osera.deebro.es\/wp-content\/uploads\/2026\/04\/IMG-20260331-WA0011-683x1024.jpg\" alt=\"\" class=\"wp-image-1941\" srcset=\"https:\/\/osera.deebro.es\/wp-content\/uploads\/2026\/04\/IMG-20260331-WA0011-683x1024.jpg 683w, https:\/\/osera.deebro.es\/wp-content\/uploads\/2026\/04\/IMG-20260331-WA0011-200x300.jpg 200w, https:\/\/osera.deebro.es\/wp-content\/uploads\/2026\/04\/IMG-20260331-WA0011-768x1152.jpg 768w, https:\/\/osera.deebro.es\/wp-content\/uploads\/2026\/04\/IMG-20260331-WA0011.jpg 1024w\" sizes=\"auto, (max-width: 683px) 100vw, 683px\" \/><\/a><\/figure>\n\n\n\n<figure class=\"wp-block-image size-large\"><a href=\"https:\/\/osera.deebro.es\/wp-content\/uploads\/2026\/04\/e773cbfa3fd9448094b39c3b159d4e68.jpg\"><img loading=\"lazy\" decoding=\"async\" width=\"683\" height=\"1024\" data-id=\"1940\" src=\"https:\/\/osera.deebro.es\/wp-content\/uploads\/2026\/04\/e773cbfa3fd9448094b39c3b159d4e68-683x1024.jpg\" alt=\"\" class=\"wp-image-1940\" srcset=\"https:\/\/osera.deebro.es\/wp-content\/uploads\/2026\/04\/e773cbfa3fd9448094b39c3b159d4e68-683x1024.jpg 683w, https:\/\/osera.deebro.es\/wp-content\/uploads\/2026\/04\/e773cbfa3fd9448094b39c3b159d4e68-200x300.jpg 200w, https:\/\/osera.deebro.es\/wp-content\/uploads\/2026\/04\/e773cbfa3fd9448094b39c3b159d4e68-768x1152.jpg 768w, https:\/\/osera.deebro.es\/wp-content\/uploads\/2026\/04\/e773cbfa3fd9448094b39c3b159d4e68.jpg 1024w\" sizes=\"auto, (max-width: 683px) 100vw, 683px\" \/><\/a><\/figure>\n<\/figure>\n\n\n<p><em><strong>SAN MART\u00cdN 2025<\/strong><\/em><\/p>\n<p>Los d\u00edas 8, 9,11, 14, 15 y 16 de Noviembre de 2025 se celebrar\u00e1n las Fiestas Patronales en honor a San Mart\u00edn<\/p>\n\n\n<figure class=\"wp-block-gallery has-nested-images columns-default is-cropped wp-block-gallery-3 is-layout-flex wp-block-gallery-is-layout-flex\">\n<figure class=\"wp-block-image size-large\"><a href=\"https:\/\/osera.deebro.es\/wp-content\/uploads\/2025\/10\/Cartel-Programa-Fiestas-Patronales-Ilustrativo-Amarillo-y-Rosa_20251026_170515_0000.jpg\"><img loading=\"lazy\" decoding=\"async\" width=\"724\" height=\"1024\" data-id=\"1898\" src=\"https:\/\/osera.deebro.es\/wp-content\/uploads\/2025\/10\/Cartel-Programa-Fiestas-Patronales-Ilustrativo-Amarillo-y-Rosa_20251026_170515_0000-724x1024.jpg\" alt=\"\" class=\"wp-image-1898\" srcset=\"https:\/\/osera.deebro.es\/wp-content\/uploads\/2025\/10\/Cartel-Programa-Fiestas-Patronales-Ilustrativo-Amarillo-y-Rosa_20251026_170515_0000-724x1024.jpg 724w, https:\/\/osera.deebro.es\/wp-content\/uploads\/2025\/10\/Cartel-Programa-Fiestas-Patronales-Ilustrativo-Amarillo-y-Rosa_20251026_170515_0000-212x300.jpg 212w, https:\/\/osera.deebro.es\/wp-content\/uploads\/2025\/10\/Cartel-Programa-Fiestas-Patronales-Ilustrativo-Amarillo-y-Rosa_20251026_170515_0000-768x1086.jpg 768w, https:\/\/osera.deebro.es\/wp-content\/uploads\/2025\/10\/Cartel-Programa-Fiestas-Patronales-Ilustrativo-Amarillo-y-Rosa_20251026_170515_0000-1086x1536.jpg 1086w, https:\/\/osera.deebro.es\/wp-content\/uploads\/2025\/10\/Cartel-Programa-Fiestas-Patronales-Ilustrativo-Amarillo-y-Rosa_20251026_170515_0000-1448x2048.jpg 1448w, https:\/\/osera.deebro.es\/wp-content\/uploads\/2025\/10\/Cartel-Programa-Fiestas-Patronales-Ilustrativo-Amarillo-y-Rosa_20251026_170515_0000.jpg 1587w\" sizes=\"auto, (max-width: 724px) 100vw, 724px\" \/><\/a><\/figure>\n\n\n\n<figure class=\"wp-block-image size-large\"><a href=\"https:\/\/osera.deebro.es\/wp-content\/uploads\/2025\/10\/1761494355626.png\"><img loading=\"lazy\" decoding=\"async\" width=\"819\" height=\"1024\" data-id=\"1897\" src=\"https:\/\/osera.deebro.es\/wp-content\/uploads\/2025\/10\/1761494355626-819x1024.png\" alt=\"\" class=\"wp-image-1897\" srcset=\"https:\/\/osera.deebro.es\/wp-content\/uploads\/2025\/10\/1761494355626-819x1024.png 819w, https:\/\/osera.deebro.es\/wp-content\/uploads\/2025\/10\/1761494355626-240x300.png 240w, https:\/\/osera.deebro.es\/wp-content\/uploads\/2025\/10\/1761494355626-768x960.png 768w, https:\/\/osera.deebro.es\/wp-content\/uploads\/2025\/10\/1761494355626.png 1080w\" sizes=\"auto, (max-width: 819px) 100vw, 819px\" \/><\/a><\/figure>\n<\/figure>\n\n\n\n<figure class=\"wp-block-gallery has-nested-images columns-default is-cropped wp-block-gallery-4 is-layout-flex wp-block-gallery-is-layout-flex\">\n<figure class=\"wp-block-image size-large\"><a href=\"https:\/\/osera.deebro.es\/wp-content\/uploads\/2025\/11\/1000145446.jpg\"><img loading=\"lazy\" decoding=\"async\" width=\"576\" height=\"1024\" data-id=\"1906\" src=\"https:\/\/osera.deebro.es\/wp-content\/uploads\/2025\/11\/1000145446-576x1024.jpg\" alt=\"\" class=\"wp-image-1906\" srcset=\"https:\/\/osera.deebro.es\/wp-content\/uploads\/2025\/11\/1000145446-576x1024.jpg 576w, https:\/\/osera.deebro.es\/wp-content\/uploads\/2025\/11\/1000145446-169x300.jpg 169w, https:\/\/osera.deebro.es\/wp-content\/uploads\/2025\/11\/1000145446-768x1366.jpg 768w, https:\/\/osera.deebro.es\/wp-content\/uploads\/2025\/11\/1000145446-864x1536.jpg 864w, https:\/\/osera.deebro.es\/wp-content\/uploads\/2025\/11\/1000145446.jpg 899w\" sizes=\"auto, (max-width: 576px) 100vw, 576px\" \/><\/a><\/figure>\n\n\n\n<figure class=\"wp-block-image size-large\"><a href=\"https:\/\/osera.deebro.es\/wp-content\/uploads\/2025\/11\/1000145461.jpg\"><img loading=\"lazy\" decoding=\"async\" width=\"576\" height=\"1024\" data-id=\"1907\" src=\"https:\/\/osera.deebro.es\/wp-content\/uploads\/2025\/11\/1000145461-576x1024.jpg\" alt=\"\" class=\"wp-image-1907\" srcset=\"https:\/\/osera.deebro.es\/wp-content\/uploads\/2025\/11\/1000145461-576x1024.jpg 576w, https:\/\/osera.deebro.es\/wp-content\/uploads\/2025\/11\/1000145461-169x300.jpg 169w, https:\/\/osera.deebro.es\/wp-content\/uploads\/2025\/11\/1000145461-768x1366.jpg 768w, https:\/\/osera.deebro.es\/wp-content\/uploads\/2025\/11\/1000145461-864x1536.jpg 864w, https:\/\/osera.deebro.es\/wp-content\/uploads\/2025\/11\/1000145461.jpg 899w\" sizes=\"auto, (max-width: 576px) 100vw, 576px\" \/><\/a><\/figure>\n\n\n\n<figure class=\"wp-block-image size-large\"><a href=\"https:\/\/osera.deebro.es\/wp-content\/uploads\/2025\/11\/1000144918.jpg\"><img loading=\"lazy\" decoding=\"async\" width=\"724\" height=\"1024\" data-id=\"1908\" src=\"https:\/\/osera.deebro.es\/wp-content\/uploads\/2025\/11\/1000144918-724x1024.jpg\" alt=\"\" class=\"wp-image-1908\" srcset=\"https:\/\/osera.deebro.es\/wp-content\/uploads\/2025\/11\/1000144918-724x1024.jpg 724w, https:\/\/osera.deebro.es\/wp-content\/uploads\/2025\/11\/1000144918-212x300.jpg 212w, https:\/\/osera.deebro.es\/wp-content\/uploads\/2025\/11\/1000144918-768x1086.jpg 768w, https:\/\/osera.deebro.es\/wp-content\/uploads\/2025\/11\/1000144918-1086x1536.jpg 1086w, https:\/\/osera.deebro.es\/wp-content\/uploads\/2025\/11\/1000144918.jpg 1131w\" sizes=\"auto, (max-width: 724px) 100vw, 724px\" \/><\/a><\/figure>\n<\/figure>\n\n\n\n<p><\/p>\n","protected":false},"excerpt":{"rendered":"<p>Osera de Ebro celebra sus fiestas en Abril, en honor a Santa Engracia, y en Noviembre, en honor a San Mart\u00edn. SANTA ENGRACIA 2026 Abril 2026 Del 11 al 23 de Abril, se celebrar\u00e1n las fiestas en honor a Santa Engracia, con prefiestas, fiestas y como colof\u00f3n actividades para San Jorge SAN MART\u00cdN 2025 Los &hellip; <a href=\"https:\/\/osera.deebro.es\/?page_id=156\" class=\"more-link\">Seguir leyendo <span class=\"screen-reader-text\">Fiestas Patronales<\/span> <span class=\"meta-nav\">&rarr;<\/span><\/a><\/p>\n","protected":false},"author":3,"featured_media":0,"parent":0,"menu_order":0,"comment_status":"closed","ping_status":"closed","template":"","meta":{"footnotes":""},"class_list":["post-156","page","type-page","status-publish","hentry"],"_links":{"self":[{"href":"https:\/\/osera.deebro.es\/index.php?rest_route=\/wp\/v2\/pages\/156","targetHints":{"allow":["GET"]}}],"collection":[{"href":"https:\/\/osera.deebro.es\/index.php?rest_route=\/wp\/v2\/pages"}],"about":[{"href":"https:\/\/osera.deebro.es\/index.php?rest_route=\/wp\/v2\/types\/page"}],"author":[{"embeddable":true,"href":"https:\/\/osera.deebro.es\/index.php?rest_route=\/wp\/v2\/users\/3"}],"replies":[{"embeddable":true,"href":"https:\/\/osera.deebro.es\/index.php?rest_route=%2Fwp%2Fv2%2Fcomments&post=156"}],"version-history":[{"count":25,"href":"https:\/\/osera.deebro.es\/index.php?rest_route=\/wp\/v2\/pages\/156\/revisions"}],"predecessor-version":[{"id":1943,"href":"https:\/\/osera.deebro.es\/index.php?rest_route=\/wp\/v2\/pages\/156\/revisions\/1943"}],"wp:attachment":[{"href":"https:\/\/osera.deebro.es\/index.php?rest_route=%2Fwp%2Fv2%2Fmedia&parent=156"}],"curies":[{"name":"wp","href":"https:\/\/api.w.org\/{rel}","templated":true}]}}