{"id":60,"date":"2024-08-20T13:00:56","date_gmt":"2024-08-20T12:00:56","guid":{"rendered":"http:\/\/osera.deebro.es\/?page_id=60"},"modified":"2025-04-30T06:32:30","modified_gmt":"2025-04-30T05:32:30","slug":"corporacion-municipal","status":"publish","type":"page","link":"https:\/\/osera.deebro.es\/?page_id=60","title":{"rendered":"CORPORACI\u00d3N MUNICIPAL"},"content":{"rendered":"<div class=\"wp-block-image is-style-default\">\n<figure class=\"aligncenter size-large is-resized\"><a href=\"https:\/\/osera.deebro.es\/wp-content\/uploads\/2024\/08\/Coorporacion.jpg\"><img loading=\"lazy\" decoding=\"async\" src=\"https:\/\/osera.deebro.es\/wp-content\/uploads\/2024\/08\/Coorporacion-1024x418.jpg\" alt=\"\" class=\"wp-image-849\" width=\"730\" height=\"298\" srcset=\"https:\/\/osera.deebro.es\/wp-content\/uploads\/2024\/08\/Coorporacion-1024x418.jpg 1024w, https:\/\/osera.deebro.es\/wp-content\/uploads\/2024\/08\/Coorporacion-300x123.jpg 300w, https:\/\/osera.deebro.es\/wp-content\/uploads\/2024\/08\/Coorporacion-768x314.jpg 768w, https:\/\/osera.deebro.es\/wp-content\/uploads\/2024\/08\/Coorporacion.jpg 1451w\" sizes=\"auto, (max-width: 730px) 100vw, 730px\" \/><\/a><\/figure>\n<\/div>\n\n\n<div class=\"wp-block-group\"><div class=\"wp-block-group__inner-container is-layout-constrained wp-block-group-is-layout-constrained\">\n<p class=\"has-text-align-center\"><strong>ALCALDE<\/strong><\/p>\n\n\n\n<p class=\"has-text-align-center\">Enrique Mar\u00eda G\u00f3mez L\u00f3pez<\/p>\n\n\n\n<p class=\"has-text-align-center\"><strong>CONCEJALES<\/strong><\/p>\n\n\n\n<p class=\"has-text-align-center\">Mar\u00eda Pilar Briz Mourelos<\/p>\n\n\n\n<p class=\"has-text-align-center\">Mar\u00eda Cerezo Mel\u00e9ndez<\/p>\n\n\n\n<p class=\"has-text-align-center\">Agust\u00edn Lamuga Aranda<\/p>\n\n\n\n<p class=\"has-text-align-center\">Mireya Gracia Fustero<\/p>\n\n\n\n<p class=\"has-text-align-center\">Mar\u00eda Carmen Pes Ceballos<\/p>\n\n\n\n<p class=\"has-text-align-center\">David Jose Borruel Velasco <\/p>\n<\/div><\/div>\n","protected":false},"excerpt":{"rendered":"<p>ALCALDE Enrique Mar\u00eda G\u00f3mez L\u00f3pez CONCEJALES Mar\u00eda Pilar Briz Mourelos Mar\u00eda Cerezo Mel\u00e9ndez Agust\u00edn Lamuga Aranda Mireya Gracia Fustero Mar\u00eda Carmen Pes Ceballos David Jose Borruel Velasco<\/p>\n","protected":false},"author":3,"featured_media":0,"parent":0,"menu_order":0,"comment_status":"closed","ping_status":"closed","template":"","meta":{"footnotes":""},"class_list":["post-60","page","type-page","status-publish","hentry"],"_links":{"self":[{"href":"https:\/\/osera.deebro.es\/index.php?rest_route=\/wp\/v2\/pages\/60","targetHints":{"allow":["GET"]}}],"collection":[{"href":"https:\/\/osera.deebro.es\/index.php?rest_route=\/wp\/v2\/pages"}],"about":[{"href":"https:\/\/osera.deebro.es\/index.php?rest_route=\/wp\/v2\/types\/page"}],"author":[{"embeddable":true,"href":"https:\/\/osera.deebro.es\/index.php?rest_route=\/wp\/v2\/users\/3"}],"replies":[{"embeddable":true,"href":"https:\/\/osera.deebro.es\/index.php?rest_route=%2Fwp%2Fv2%2Fcomments&post=60"}],"version-history":[{"count":13,"href":"https:\/\/osera.deebro.es\/index.php?rest_route=\/wp\/v2\/pages\/60\/revisions"}],"predecessor-version":[{"id":1861,"href":"https:\/\/osera.deebro.es\/index.php?rest_route=\/wp\/v2\/pages\/60\/revisions\/1861"}],"wp:attachment":[{"href":"https:\/\/osera.deebro.es\/index.php?rest_route=%2Fwp%2Fv2%2Fmedia&parent=60"}],"curies":[{"name":"wp","href":"https:\/\/api.w.org\/{rel}","templated":true}]}}