{"id":872,"date":"2024-08-20T23:15:00","date_gmt":"2024-08-20T22:15:00","guid":{"rendered":"https:\/\/osera.deebro.es\/?page_id=872"},"modified":"2024-09-24T15:02:26","modified_gmt":"2024-09-24T14:02:26","slug":"servicio-de-taxi","status":"publish","type":"page","link":"https:\/\/osera.deebro.es\/?page_id=872","title":{"rendered":"Taxi de Osera"},"content":{"rendered":"<div class=\"wp-block-image is-style-default\">\n<figure class=\"aligncenter size-full is-resized\"><a href=\"https:\/\/osera.deebro.es\/wp-content\/uploads\/2024\/08\/taxi.jpg\"><img loading=\"lazy\" decoding=\"async\" src=\"https:\/\/osera.deebro.es\/wp-content\/uploads\/2024\/08\/taxi.jpg\" alt=\"\" class=\"wp-image-968\" width=\"101\" height=\"92\" srcset=\"https:\/\/osera.deebro.es\/wp-content\/uploads\/2024\/08\/taxi.jpg 474w, https:\/\/osera.deebro.es\/wp-content\/uploads\/2024\/08\/taxi-300x274.jpg 300w\" sizes=\"auto, (max-width: 101px) 100vw, 101px\" \/><\/a><\/figure>\n<\/div>\n\n\n<p>Osera cuenta tambi\u00e9n con servicio de Taxi, que dispone de enganche y remolque para que tus viajes no tengan l\u00edmites.<\/p>\n\n\n\n<p><strong><em>Tel\u00e9fono: <\/em><\/strong>679492904 (Ram\u00f3n)<\/p>\n\n\n<div class=\"wp-block-image is-style-rounded\">\n<figure class=\"aligncenter size-full is-resized\"><a href=\"https:\/\/osera.deebro.es\/wp-content\/uploads\/2024\/08\/1724752654752.jpg\"><img loading=\"lazy\" decoding=\"async\" src=\"https:\/\/osera.deebro.es\/wp-content\/uploads\/2024\/08\/1724752654752.jpg\" alt=\"\" class=\"wp-image-970\" width=\"439\" height=\"369\" srcset=\"https:\/\/osera.deebro.es\/wp-content\/uploads\/2024\/08\/1724752654752.jpg 681w, https:\/\/osera.deebro.es\/wp-content\/uploads\/2024\/08\/1724752654752-300x252.jpg 300w\" sizes=\"auto, (max-width: 439px) 100vw, 439px\" \/><\/a><\/figure>\n<\/div>","protected":false},"excerpt":{"rendered":"<p>Osera cuenta tambi\u00e9n con servicio de Taxi, que dispone de enganche y remolque para que tus viajes no tengan l\u00edmites. Tel\u00e9fono: 679492904 (Ram\u00f3n)<\/p>\n","protected":false},"author":2,"featured_media":0,"parent":15,"menu_order":-1,"comment_status":"closed","ping_status":"closed","template":"","meta":{"footnotes":""},"class_list":["post-872","page","type-page","status-publish","hentry"],"_links":{"self":[{"href":"https:\/\/osera.deebro.es\/index.php?rest_route=\/wp\/v2\/pages\/872","targetHints":{"allow":["GET"]}}],"collection":[{"href":"https:\/\/osera.deebro.es\/index.php?rest_route=\/wp\/v2\/pages"}],"about":[{"href":"https:\/\/osera.deebro.es\/index.php?rest_route=\/wp\/v2\/types\/page"}],"author":[{"embeddable":true,"href":"https:\/\/osera.deebro.es\/index.php?rest_route=\/wp\/v2\/users\/2"}],"replies":[{"embeddable":true,"href":"https:\/\/osera.deebro.es\/index.php?rest_route=%2Fwp%2Fv2%2Fcomments&post=872"}],"version-history":[{"count":6,"href":"https:\/\/osera.deebro.es\/index.php?rest_route=\/wp\/v2\/pages\/872\/revisions"}],"predecessor-version":[{"id":1202,"href":"https:\/\/osera.deebro.es\/index.php?rest_route=\/wp\/v2\/pages\/872\/revisions\/1202"}],"up":[{"embeddable":true,"href":"https:\/\/osera.deebro.es\/index.php?rest_route=\/wp\/v2\/pages\/15"}],"wp:attachment":[{"href":"https:\/\/osera.deebro.es\/index.php?rest_route=%2Fwp%2Fv2%2Fmedia&parent=872"}],"curies":[{"name":"wp","href":"https:\/\/api.w.org\/{rel}","templated":true}]}}