{"id":90,"date":"2014-10-07T08:35:37","date_gmt":"2014-10-07T08:35:37","guid":{"rendered":"http:\/\/osera.deebro.es\/?page_id=90"},"modified":"2024-08-21T07:19:18","modified_gmt":"2024-08-21T06:19:18","slug":"saludo-del-alcalde","status":"publish","type":"page","link":"https:\/\/osera.deebro.es\/?page_id=90","title":{"rendered":"Saludo del Alcalde"},"content":{"rendered":"<div class=\"wp-block-image\">\n<figure class=\"aligncenter size-full is-resized\"><a href=\"https:\/\/osera.deebro.es\/wp-content\/uploads\/2024\/08\/descarga.png\"><img loading=\"lazy\" decoding=\"async\" src=\"https:\/\/osera.deebro.es\/wp-content\/uploads\/2024\/08\/descarga.png\" alt=\"\" class=\"wp-image-882\" width=\"96\" height=\"169\"\/><\/a><\/figure>\n<\/div>\n\n<p>Queridos vecinos:<\/p>\n<p>Como alcalde quiero daros mi m\u00e1s sincera bienvenida a la p\u00e1gina web del Ayuntamiento de Osera de Ebro. Espero que sea un veh\u00edculo de informaci\u00f3n entre el consistorio y sus vecinos.<\/p>\n<p>Ponemos a vuestro servicio esta p\u00e1gina con informaci\u00f3n y enlaces que pueden ser de utilidad, as\u00ed como noticias y bandos que se suceden en nuestro municipio. Me gustar\u00eda que hicieses de ella un servicio \u00fatil y que la visit\u00e9is muy a menudo.<\/p>\n<p>No quiero despedirme de vosotros sin recordaros que me ten\u00e9is a vuestra disposici\u00f3n para todo aquello que necesit\u00e9is.<\/p>\n<p>Un saludo.<\/p>\n<p>Enrique M\u00aa G\u00f3mez L\u00f3pez, Alcalde de Osera de Ebro<\/p>","protected":false},"excerpt":{"rendered":"<p>Queridos vecinos: Como alcalde quiero daros mi m\u00e1s sincera bienvenida a la p\u00e1gina web del Ayuntamiento de Osera de Ebro. Espero que sea un veh\u00edculo de informaci\u00f3n entre el consistorio y sus vecinos. Ponemos a vuestro servicio esta p\u00e1gina con informaci\u00f3n y enlaces que pueden ser de utilidad, as\u00ed como noticias y bandos que se &hellip; <a href=\"https:\/\/osera.deebro.es\/?page_id=90\" class=\"more-link\">Seguir leyendo <span class=\"screen-reader-text\">Saludo del Alcalde<\/span> <span class=\"meta-nav\">&rarr;<\/span><\/a><\/p>\n","protected":false},"author":3,"featured_media":0,"parent":0,"menu_order":0,"comment_status":"closed","ping_status":"closed","template":"","meta":{"footnotes":""},"class_list":["post-90","page","type-page","status-publish","hentry"],"_links":{"self":[{"href":"https:\/\/osera.deebro.es\/index.php?rest_route=\/wp\/v2\/pages\/90","targetHints":{"allow":["GET"]}}],"collection":[{"href":"https:\/\/osera.deebro.es\/index.php?rest_route=\/wp\/v2\/pages"}],"about":[{"href":"https:\/\/osera.deebro.es\/index.php?rest_route=\/wp\/v2\/types\/page"}],"author":[{"embeddable":true,"href":"https:\/\/osera.deebro.es\/index.php?rest_route=\/wp\/v2\/users\/3"}],"replies":[{"embeddable":true,"href":"https:\/\/osera.deebro.es\/index.php?rest_route=%2Fwp%2Fv2%2Fcomments&post=90"}],"version-history":[{"count":3,"href":"https:\/\/osera.deebro.es\/index.php?rest_route=\/wp\/v2\/pages\/90\/revisions"}],"predecessor-version":[{"id":883,"href":"https:\/\/osera.deebro.es\/index.php?rest_route=\/wp\/v2\/pages\/90\/revisions\/883"}],"wp:attachment":[{"href":"https:\/\/osera.deebro.es\/index.php?rest_route=%2Fwp%2Fv2%2Fmedia&parent=90"}],"curies":[{"name":"wp","href":"https:\/\/api.w.org\/{rel}","templated":true}]}}